
7
Let v be 20/210*-6 - 1221/7. Let q = 272 - 131. Calculate the remainder when q is divided by (-150)/v*(-1 + 29).
21
Let q be 3*(-1 - 318/18). What is the remainder when (-7)/((-49)/q) - -677 is divided by 10?
9
Suppose 0 = 26*j - 30*j - 156. Let t = -42 - j. What is the remainder when 3/(-2)*(-13 + 6 + t) is divided by 5?
0
Suppose -s + 5 = 40. Let t = 1260 + -1143. Let y = s + t. What is the remainder when y is divided by 21?
19
What is the remainder when 228 is divided by 28*2 + 10/6*(-3033)/1685?
16
Let j(g) = 3*g**2 + 2*g + 1. Calculate the remainder when ((-234)/(-3) - 1) + (-17)/1 + 18 is divided by j(-2).
6
Suppose 401*p - 419*p + 1080 = 0. What is the remainder when 461 is divided by p?
41
Let u = -261 - -271. Suppose 0 = -u*b + 438 - 38. What is the remainder when b is divided by 24?
16
Let x = -12 + 17. Let u = -10 - -14. Suppose -r - 8*k + u*k + 24 = 0, -r = -5*k - 33. What is the remainder when r is divided by x?
3
Suppose 13*a = 6*a - 798. Let w = -93 - a. Let u = 91 + -9. What is the remainder when u is divided by w?
19
Suppose -2*v - 100 = -3*w, 3*w - 67*v = -70*v + 105. What is the remainder when 106 is divided by w?
4
Let f(g) = 7*g**3 - 14*g**2 - 30*g + 177. What is the remainder when f(6) is divided by 68?
53
Suppose 195*l - 8195 = 12280. Let r = 28 + -5. What is the remainder when l is divided by r?
13
Let a = 42 - 9. Let s(m) = m**3 + 4*m**2 + 4*m + 14. Let j be s(-4). Calculate the remainder when -21*j/4*6 is divided by a.
30
Suppose 3*b - 185 - 142 = 5*c, -3*c + 3*b - 195 = 0. Let k = c + 63. What is the remainder when 84 is divided by (-21)/((12/8)/k) + 1?
41
Let p be (-75)/2*(-16)/(-20). Let t be (2 - (-84)/p)*505/(-2). Suppose 5*a - 325 = 5*c, -7*a + 4*a + t = 4*c. What is the remainder when a is divided by 24?
18
Let p(z) be the third derivative of -z**4/3 + 26*z**3/3 + 11*z**2 + 4. What is the remainder when 56 is divided by p(4)?
16
Suppose -i = k - 4573, 2*i - 5*k - 9149 = -8*k. Suppose i = 17*c + 660. Calculate the remainder when c is divided by 79.
72
Let l(i) = 60*i + 776. What is the remainder when l(13) is divided by 82?
80
Suppose -5*u + 980 = -x, -4*u + 8*x = 3*x - 805. Suppose -14*n - n = -u. What is the remainder when 33 is divided by n?
7
Let o = -137 - -140. Suppose -u = -o*n + 208, 0*n - 2*n + 136 = -2*u. What is the remainder when n is divided by 38?
32
Let m be 1/(-5) + (1 - (-21966)/30). Let y = 749 - m. What is the remainder when 29 is divided by y?
13
Let h(f) = 72*f - 1. Suppose 225*o + 1908 - 10683 = 0. Calculate the remainder when h(2) is divided by o.
26
Suppose -23*b + 3*b + 399 = -4781. What is the remainder when 418 is divided by b?
159
Calculate the remainder when 152 is divided by 128/1856 - 7470/(-174).
23
Let a = -4 - -46. Let f = -9675 - -9842. Calculate the remainder when f is divided by a.
41
Let n(j) = -4*j**2 + 2*j - 9. Let z be n(-2). Let o(a) = a**3 + 27*a**2 - 64*a - 67. What is the remainder when o(z) is divided by 12?
11
Let f(x) = 60*x. Let d = -2394 + 2693. Calculate the remainder when d is divided by f(1).
59
Suppose -2 = -12*v + 82. Suppose -2*x + 16 = 4*q, -v*q + 5*q = 5*x - 64. Suppose 429 = -3*n + x*n. Calculate the remainder when n is divided by 6.
3
Let w = -28 - -38. Let v(o) = 2*o**3 - 19*o**2 - 10*o - 2. Let r be v(w). What is the remainder when 213 is divided by (-94)/r - (-11 + 15)?
41
Suppose -618 = -114*a + 112*a. What is the remainder when a/(-4)*312/(-117) is divided by 11?
8
Let l(w) = 23*w - 27. Let f be l(11). Suppose -92 - f = -6*n. What is the remainder when n is divided by (-4 + 3)/(2/(-38))?
15
Let b = 37 - 22. Let c = 21 - b. What is the remainder when (35 + 8 + -1)/2 is divided by c?
3
Let k(y) = 3*y**2 + 43*y + 42. Calculate the remainder when 24 is divided by k(-1).
0
Suppose -2*m - 4*a + 30 = 0, 4*m + 2*a = a + 67. Let z be 12/10*(1595/(-15) - -3). What is the remainder when ((-3)/6)/(-1 + (-122)/z) is divided by m?
14
Let y be 111*(4/(-14))/((-30)/35). Let r = y + 42. Calculate the remainder when r is divided by 14.
9
Suppose 19*x - 31324 = -22*x. Let g = 1414 - x. Calculate the remainder when g is divided by 21.
20
Let m(g) = 154*g**2 + 191*g + 4. Calculate the remainder when m(-2) is divided by 127.
111
Let y(x) = 233*x**2 + 109*x + 340. What is the remainder when y(-3) is divided by 24?
22
Let j(a) = 9 - 2*a + 8*a - 2*a. Let d be j(2). Suppose -7*o = -6*o - d. Calculate the remainder when 63 is divided by o.
12
Let s(d) = 2*d + 2. Let i be s(-2). What is the remainder when -5 + i/((-16)/504) is divided by 16?
10
What is the remainder when 6225 is divided by 4/((-2)/(-11)*(3 + -2))?
21
Let t(i) = -1512*i + 6146. What is the remainder when 442 is divided by t(4)?
50
Let g(t) be the second derivative of t**4/12 + 2*t**3/3 - 3*t**2/2 - 24*t. Let p be g(2). What is the remainder when 708/(-8)*(-6)/p is divided by 22?
15
Suppose -70*r = -64*r + 3480. Let b = r - -831. What is the remainder when b is divided by 14?
13
Suppose -7*i + 4*i - 9 = -t, 0 = -2*i - 5*t - 23. Let f be (2/i)/((-16)/(-96)). Calculate the remainder when -1 - (-37*(f + 2))/(-1) is divided by 14.
8
Let i be 21/(-14)*8/6. What is the remainder when 21 is divided by (4*-1)/(-2*i/(-12))?
9
Suppose 44*s - g + 212 = 45*s, 5*s - 1060 = 5*g. Suppose -4*u + s = -64. Calculate the remainder when 273 is divided by u.
66
Let c = 40 - 35. Let g(y) = 2*y**3 + 2*y**2 + 3*y - 5. Let h be g(2). Let x = -11 + h. Calculate the remainder when x is divided by c.
4
Suppose -11*l = -15*l - 4*b + 1608, -4*b = -8. Let u = l + -332. Calculate the remainder when 475 is divided by u.
67
Suppose 72 = 2*c - 0*c. Let p(i) = i**3 - 14*i**2 - 96*i + 15. Let f be p(19). What is the remainder when c is divided by f*65/(-20) - 0?
10
Let t = 39541 - 37093. What is the remainder when t is divided by 489?
3
Let a be (1878/(-18))/(-3 + 140/48). Suppose -19*d + a = -8229. What is the remainder when d is divided by 84?
79
Let a be (-4 + -2 + 4)/(1/(-209)). Suppose -5*d + a = 4*q, 172 = 2*d + 2*q + 2*q. What is the remainder when d is divided by 12?
10
Let r(o) = 3*o**2 - 62*o - 272. What is the remainder when (114/(-4))/(3/(-20)) is divided by r(-4)?
22
Let c = -208 - -223. Suppose c*n - 222 = 48. Calculate the remainder when n is divided by 5.
3
Let d be 28/(-5) - 2/5. Let m(n) = -9*n - 7. Let t = -341760 + 341772. What is the remainder when m(d) is divided by t?
11
Suppose 8*j - 4*j - 19 = x, 0 = -4*x + 2*j - 20. Let i(u) = u**3 + 2*u**2 - 2*u. Let p be i(x). What is the remainder when 3*6/p*78/(-12) is divided by 14?
11
Suppose 50 = 2*m + 34. Let x(d) = -7 - m - 2*d + 3*d**2 - 7*d + 0. What is the remainder when x(-3) is divided by 21?
18
Let l = 78 + -29. Let o = 12 + -56. Let a = o + l. Calculate the remainder when 6 is divided by a.
1
Let x = 71 + -42. Suppose -x*w = -13*w - 48. Let m(b) = 6*b + 1. Calculate the remainder when m(2) is divided by w.
1
Calculate the remainder when (0 - (0 - 90))/(((-6080)/(-418))/80) is divided by 484.
11
Suppose 2*f + 17*w - 932 = 21*w, w - 478 = -f. Calculate the remainder when f is divided by 146.
36
Suppose 4*q + 32 = -0*q. Let k = -466 + 491. Calculate the remainder when 370/(-4)*q/10 is divided by k.
24
Suppose -11573*n + 780 = -11553*n. Let v be 1 - 3/6*-2. Suppose -2*k - v*k + 40 = 0. What is the remainder when n is divided by k?
9
What is the remainder when 1135 is divided by 2/(108/(-114) - -1) - 8?
25
Let p(k) = k**2 + 21*k + 126. What is the remainder when p(-20) is divided by 28?
22
Let s(q) = q**2 - 4*q + 8. Let o be s(4). Let k(x) be the first derivative of -x**3/3 + 9*x**2/2 + 10*x + 13. What is the remainder when 32 is divided by k(o)?
14
Let l(i) = i**3 - 8*i**2 - 5*i + 11. Let k be l(9). Let a = -38 + k. Suppose 0 = a*b - 178 + 34. Calculate the remainder when 30 is divided by b.
14
Let d be ((-4)/(-6))/((-3)/(-54)). Let z(a) = 5*a - 17. Let y be z(3). Calculate the remainder when 88 is divided by ((-15)/y)/(5 + (-54)/d).
13
Let b(d) = d**3 + 57*d**2 - 107*d + 659. Calculate the remainder when 2018 is divided by b(-59).
8
Suppose 0 = 11*q + 102 - 278. Suppose 8*c = q*c - 64. Suppose -3*h - 400 = -c*h. What is the remainder when h is divided by 17?
12
Let d be -102 + (-9)/6*2. Calculate the remainder when (42/9)/((-14)/d) is divided by 18.
17
Let l be 123/(-